{"version":"1.0","provider_name":"Powerdot","provider_url":"https:\/\/powerdot.eu\/fr","author_name":"CML","author_url":"https:\/\/powerdot.eu\/fr\/blog\/author\/cml","title":"Pour la Journ\u00e9e Mondiale du V\u00e9hicule Electrique, Powerdot offre le plein d\u2019electricite sur toutes ses bornes en Europe","type":"rich","width":600,"height":338,"html":"<blockquote class=\"wp-embedded-content\" data-secret=\"FRQgYNNzzE\"><a href=\"https:\/\/powerdot.eu\/fr\/blog\/powerdot-journee-mondiale-du-vehicule-electrique\">Pour la Journ\u00e9e Mondiale du V\u00e9hicule Electrique, Powerdot offre le plein d\u2019electricite sur toutes ses bornes en Europe<\/a><\/blockquote><iframe sandbox=\"allow-scripts\" security=\"restricted\" src=\"https:\/\/powerdot.eu\/fr\/blog\/powerdot-journee-mondiale-du-vehicule-electrique\/embed#?secret=FRQgYNNzzE\" width=\"600\" height=\"338\" title=\"\u00ab\u00a0Pour la Journ\u00e9e Mondiale du V\u00e9hicule Electrique, Powerdot offre le plein d\u2019electricite sur toutes ses bornes en Europe\u00a0\u00bb &#8212; Powerdot\" data-secret=\"FRQgYNNzzE\" frameborder=\"0\" marginwidth=\"0\" marginheight=\"0\" scrolling=\"no\" class=\"wp-embedded-content\"><\/iframe><script type=\"text\/javascript\">\n\/* <![CDATA[ *\/\n\/*! This file is auto-generated *\/\n!function(d,l){\"use strict\";l.querySelector&&d.addEventListener&&\"undefined\"!=typeof URL&&(d.wp=d.wp||{},d.wp.receiveEmbedMessage||(d.wp.receiveEmbedMessage=function(e){var t=e.data;if((t||t.secret||t.message||t.value)&&!\/[^a-zA-Z0-9]\/.test(t.secret)){for(var s,r,n,a=l.querySelectorAll('iframe[data-secret=\"'+t.secret+'\"]'),o=l.querySelectorAll('blockquote[data-secret=\"'+t.secret+'\"]'),c=new RegExp(\"^https?:$\",\"i\"),i=0;i<o.length;i++)o[i].style.display=\"none\";for(i=0;i<a.length;i++)s=a[i],e.source===s.contentWindow&&(s.removeAttribute(\"style\"),\"height\"===t.message?(1e3<(r=parseInt(t.value,10))?r=1e3:~~r<200&&(r=200),s.height=r):\"link\"===t.message&&(r=new URL(s.getAttribute(\"src\")),n=new URL(t.value),c.test(n.protocol))&&n.host===r.host&&l.activeElement===s&&(d.top.location.href=t.value))}},d.addEventListener(\"message\",d.wp.receiveEmbedMessage,!1),l.addEventListener(\"DOMContentLoaded\",function(){for(var e,t,s=l.querySelectorAll(\"iframe.wp-embedded-content\"),r=0;r<s.length;r++)(t=(e=s[r]).getAttribute(\"data-secret\"))||(t=Math.random().toString(36).substring(2,12),e.src+=\"#?secret=\"+t,e.setAttribute(\"data-secret\",t)),e.contentWindow.postMessage({message:\"ready\",secret:t},\"*\")},!1)))}(window,document);\n\/* ]]> *\/\n<\/script>\n","thumbnail_url":"https:\/\/powerdot.eu\/wp-content\/uploads\/2023\/02\/journemondiale-1024x555-1.png","thumbnail_width":1024,"thumbnail_height":555,"description":"A l\u2019occasion de la Journ\u00e9e Mondiale du V\u00e9hicule Electrique, qui aura lieu le vendredi 9 septembre prochain, Power Dot, leader des bornes de recharge rapide sur espaces commerciaux en Europe avec plus de 7.900 points de charge install\u00e9s ou en cours de d\u00e9ploiement, offrira gratuitement le plein d\u2019\u00e9lectricit\u00e9 \u00e0 tous ses utilisateurs en France, en Espagne et en Pologne."}

Pour la Journée Mondiale du Véhicule Electrique, Powerdot offre le plein d’electricite sur toutes ses bornes en Europe

<blockquote class="wp-embedded-content" data-secret="FRQgYNNzzE"><a href="https://powerdot.eu/fr/blog/powerdot-journee-mondiale-du-vehicule-electrique">Pour la Journée Mondiale du Véhicule Electrique, Powerdot offre le plein d’electricite sur toutes ses bornes en Europe</a></blockquote><iframe sandbox="allow-scripts" security="restricted" src="https://powerdot.eu/fr/blog/powerdot-journee-mondiale-du-vehicule-electrique/embed#?secret=FRQgYNNzzE" width="600" height="338" title="« Pour la Journée Mondiale du Véhicule Electrique, Powerdot offre le plein d’electricite sur toutes ses bornes en Europe » &#8212; Powerdot" data-secret="FRQgYNNzzE" frameborder="0" marginwidth="0" marginheight="0" scrolling="no" class="wp-embedded-content"></iframe><script type="text/javascript">
/* <![CDATA[ */
/*! This file is auto-generated */
!function(d,l){"use strict";l.querySelector&&d.addEventListener&&"undefined"!=typeof URL&&(d.wp=d.wp||{},d.wp.receiveEmbedMessage||(d.wp.receiveEmbedMessage=function(e){var t=e.data;if((t||t.secret||t.message||t.value)&&!/[^a-zA-Z0-9]/.test(t.secret)){for(var s,r,n,a=l.querySelectorAll('iframe[data-secret="'+t.secret+'"]'),o=l.querySelectorAll('blockquote[data-secret="'+t.secret+'"]'),c=new RegExp("^https?:$","i"),i=0;i<o.length;i++)o[i].style.display="none";for(i=0;i<a.length;i++)s=a[i],e.source===s.contentWindow&&(s.removeAttribute("style"),"height"===t.message?(1e3<(r=parseInt(t.value,10))?r=1e3:~~r<200&&(r=200),s.height=r):"link"===t.message&&(r=new URL(s.getAttribute("src")),n=new URL(t.value),c.test(n.protocol))&&n.host===r.host&&l.activeElement===s&&(d.top.location.href=t.value))}},d.addEventListener("message",d.wp.receiveEmbedMessage,!1),l.addEventListener("DOMContentLoaded",function(){for(var e,t,s=l.querySelectorAll("iframe.wp-embedded-content"),r=0;r<s.length;r++)(t=(e=s[r]).getAttribute("data-secret"))||(t=Math.random().toString(36).substring(2,12),e.src+="#?secret="+t,e.setAttribute("data-secret",t)),e.contentWindow.postMessage({message:"ready",secret:t},"*")},!1)))}(window,document);
/* ]]> */
</script>

A l’occasion de la Journée Mondiale du Véhicule Electrique, qui aura lieu le vendredi 9 septembre prochain, Power Dot, leader des bornes de recharge rapide sur espaces commerciaux en Europe avec plus de 7.900 points de charge installés ou en cours de déploiement, offrira gratuitement le plein d’électricité à tous ses utilisateurs en France, en Espagne et en Pologne.
